{"id":4070,"date":"2023-09-15T10:18:07","date_gmt":"2023-09-15T08:18:07","guid":{"rendered":"https:\/\/paul-lindner.de\/v3\/?page_id=4070"},"modified":"2024-01-24T14:14:20","modified_gmt":"2024-01-24T13:14:20","slug":"mitarbeiter","status":"publish","type":"page","link":"https:\/\/paul-lindner.de\/v3\/ueber-uns\/mitarbeiter\/","title":{"rendered":"Mitarbeiter"},"content":{"rendered":"<p>[et_pb_section fb_built=&#8220;1&#8243; admin_label=&#8220;Header&#8220; _builder_version=&#8220;4.22.1&#8243; custom_padding=&#8220;130px||0px||false|false&#8220; locked=&#8220;off&#8220; global_colors_info=&#8220;{}&#8220;][et_pb_row _builder_version=&#8220;4.22.1&#8243; custom_margin=&#8220;||||false|false&#8220; locked=&#8220;off&#8220; global_colors_info=&#8220;{}&#8220;][et_pb_column type=&#8220;4_4&#8243; _builder_version=&#8220;4.16&#8243; global_colors_info=&#8220;{}&#8220;][dsm_breadcrumbs home_icon=&#8220;&#xe074;||divi||400&#8243; separator_icon=&#8220;&#x45;||divi||400&#8243; _builder_version=&#8220;4.22.1&#8243; _module_preset=&#8220;default&#8220; home_icon_text_color=&#8220;#F07D00&#8243; global_colors_info=&#8220;{}&#8220;][\/dsm_breadcrumbs][\/et_pb_column][\/et_pb_row][\/et_pb_section][et_pb_section fb_built=&#8220;1&#8243; custom_padding_last_edited=&#8220;on|tablet&#8220; admin_label=&#8220;Header&#8220; _builder_version=&#8220;4.22.2&#8243; custom_margin=&#8220;||||false|false&#8220; custom_padding=&#8220;||0px||false|false&#8220; custom_padding_tablet=&#8220;0px||||false|false&#8220; custom_padding_phone=&#8220;&#8220; global_colors_info=&#8220;{}&#8220;][et_pb_row column_structure=&#8220;3_5,2_5&#8243; custom_padding_last_edited=&#8220;on|phone&#8220; _builder_version=&#8220;4.22.2&#8243; background_color=&#8220;#E6E6E6&#8243; width_tablet=&#8220;100%&#8220; width_phone=&#8220;&#8220; width_last_edited=&#8220;on|tablet&#8220; custom_padding=&#8220;27px||27px|80px|true|false&#8220; custom_padding_tablet=&#8220;40px|40px|40px|40px|true|true&#8220; custom_padding_phone=&#8220;||||false&#8220; box_shadow_style=&#8220;preset4&#8243; box_shadow_horizontal=&#8220;30vw&#8220; box_shadow_vertical=&#8220;0px&#8220; box_shadow_color=&#8220;#E6E6E6&#8243; global_colors_info=&#8220;{}&#8220;][et_pb_column type=&#8220;3_5&#8243; _builder_version=&#8220;4.16&#8243; global_colors_info=&#8220;{}&#8220;][et_pb_text _builder_version=&#8220;4.22.1&#8243; text_font_size=&#8220;18px&#8220; text_line_height=&#8220;2em&#8220; header_font=&#8220;Unna||||||||&#8220; header_font_size=&#8220;96px&#8220; header_2_font=&#8220;|700|||||||&#8220; header_3_font=&#8220;|700|||||||&#8220; header_3_text_color=&#8220;#F07D00&#8243; header_3_font_size=&#8220;18px&#8220; text_font_size_tablet=&#8220;16px&#8220; text_font_size_phone=&#8220;15px&#8220; text_font_size_last_edited=&#8220;on|phone&#8220; header_font_tablet=&#8220;&#8220; header_font_phone=&#8220;&#8220; header_font_last_edited=&#8220;on|phone&#8220; header_font_size_tablet=&#8220;60px&#8220; header_font_size_phone=&#8220;42px&#8220; header_font_size_last_edited=&#8220;on|tablet&#8220; global_colors_info=&#8220;{}&#8220;]<\/p>\n<h2>Unser Team<\/h2>\n<h3><span>Der Schl\u00fcssel zum Erfolg.<\/span><\/h3>\n<p><strong><\/strong><\/p>\n<p><strong><\/strong><\/p>\n<p>Unser engagiertes Team steht mit ganzer Schaffenskraft hinter Ihren Aufgabenstellungen und Projekten.<\/p>\n<p>Hohe Kompetenz und Know-How unserer Mitarbeiter sichern einen gleichbleibenden hohen Qualit\u00e4tsstandard.<\/p>\n<p>Viele unserer Fachkr\u00e4fte sind langj\u00e4hrig in unserem Unternehmen t\u00e4tig, dies garantiert effiziente Arbeitsabl\u00e4ufe, Perfektion und h\u00f6chste Kundenorientierung.<\/p>\n<p>Durch das inhabergef\u00fchrte Unternehmen sind die Kommunikationswege kurz, die entscheidenden Vorteile f\u00fcr Sie sind dadurch: Kundenn\u00e4he, Flexibilit\u00e4t und Reaktionsschnelligkeit.<\/p>\n<p>[\/et_pb_text][\/et_pb_column][et_pb_column type=&#8220;2_5&#8243; _builder_version=&#8220;4.16&#8243; global_colors_info=&#8220;{}&#8220;][et_pb_image src=&#8220;https:\/\/paul-lindner.de\/v3\/wp-content\/uploads\/2023\/09\/fertigung-3-835&#215;1030-1.jpg&#8220; title_text=&#8220;fertigung-3-835&#215;1030&#8243; _builder_version=&#8220;4.24.0&#8243; custom_margin=&#8220;|-5vw|||false|false&#8220; custom_margin_tablet=&#8220;|0vw|||false|false&#8220; custom_margin_phone=&#8220;||||false|false&#8220; custom_margin_last_edited=&#8220;on|tablet&#8220; scroll_vertical_motion=&#8220;0|70|70|100|-1|0|1&#8243; hover_enabled=&#8220;0&#8243; border_color_all=&#8220;RGBA(255,255,255,0)&#8220; border_width_all_tablet=&#8220;40px&#8220; border_width_all_phone=&#8220;20px&#8220; border_width_all_last_edited=&#8220;on|phone&#8220; locked=&#8220;off&#8220; global_colors_info=&#8220;{}&#8220; sticky_enabled=&#8220;0&#8243;][\/et_pb_image][\/et_pb_column][\/et_pb_row][\/et_pb_section][et_pb_section fb_built=&#8220;1&#8243; admin_label=&#8220;Logos&#8220; _builder_version=&#8220;4.22.2&#8243; background_color=&#8220;#3C3D41&#8243; custom_margin=&#8220;0px||||false|false&#8220; custom_padding=&#8220;0px||||false|false&#8220; global_colors_info=&#8220;{}&#8220;][et_pb_row _builder_version=&#8220;4.22.2&#8243; background_color=&#8220;#E6E6E6&#8243; custom_margin=&#8220;||||false|false&#8220; custom_padding=&#8220;0px||0px||false|false&#8220; global_colors_info=&#8220;{}&#8220;][et_pb_column type=&#8220;4_4&#8243; _builder_version=&#8220;4.16&#8243; global_colors_info=&#8220;{}&#8220;][dsm_image_carousel gallery_ids=&#8220;4075,4077,4078,4079,4080,4081,4082,4084,4085&#8243; space_between=&#8220;5&#8243; arrows=&#8220;off&#8220; show_lightbox=&#8220;on&#8220; _builder_version=&#8220;4.22.2&#8243; _module_preset=&#8220;default&#8220; background_color=&#8220;#3C3D41&#8243; custom_margin=&#8220;||0px||false|false&#8220; custom_padding=&#8220;||||false|false&#8220; global_colors_info=&#8220;{}&#8220;][\/dsm_image_carousel][\/et_pb_column][\/et_pb_row][\/et_pb_section]<\/p>\n","protected":false},"excerpt":{"rendered":"<p><div class=\"et_pb_module dsm_breadcrumbs dsm_breadcrumbs_0\">\n\t\t\t\t\n\t\t\t\t\n\t\t\t\t\n\t\t\t\t\n\t\t\t\t\n\t\t\t\t\n\t\t\t\t<div class=\"et_pb_module_inner\">\n\t\t\t\t\t<nav class=\"dsm_breadcrumbs_wrap\">\n\t\t\t\t<ul class=\"dsm_breadcrumbs\" itemscope itemtype=\"https:\/\/schema.org\/BreadcrumbList\">\t\t\t<li class=\"dsm_breadcrumbs_item dsm_home_item dsm_home_item_custom\" itemprop=\"itemListElement\" itemscope\n\t\t\titemtype=\"https:\/\/schema.org\/ListItem\">\n\t\t\t\t<a href=\"https:\/\/paul-lindner.de\/v3\" itemprop=\"item\" target=\"\">\n\t\t\t\t\t<span class='dsm_home_text_wrapper'>\n\t\t\t\t\t\t\t\t\t\t\t\t\t<span class=\"et-pb-icon dsm_home_icon\">&#xe074;<\/span>\n\t\t\t\t\t\t\t\t\t\t\t\t\t<span class=\"dsm_home_text\" itemprop=\"name\">\n\t\t\t\t\t\t\t\tHome\t\t\t\t\t\t\t<\/span>\n\t\t\t\t\t<\/span>\n\t\t\t\t<\/a>\n\t\t\t\t<meta itemprop=\"position\" content=\"1\" \/>\n\t\t\t<\/li>\n\n\t\t<li class=\"dsm_breadcrumbs_separator\"> <span class=\"et-pb-icon dsm_separator_icon\">&#x45;<\/span><\/li><\/ul>\n\t\t\t<\/nav>\n\t\t\t\t<\/div>\n\t\t\t<\/div>Unser Team Der Schl\u00fcssel zum Erfolg. Unser engagiertes Team steht mit ganzer Schaffenskraft hinter Ihren Aufgabenstellungen und Projekten. Hohe Kompetenz und Know-How unserer Mitarbeiter sichern einen gleichbleibenden hohen Qualit\u00e4tsstandard. Viele unserer Fachkr\u00e4fte sind langj\u00e4hrig in unserem Unternehmen t\u00e4tig, dies garantiert effiziente Arbeitsabl\u00e4ufe, Perfektion und h\u00f6chste Kundenorientierung. Durch das inhabergef\u00fchrte Unternehmen sind die Kommunikationswege kurz, die entscheidenden Vorteile f\u00fcr Sie sind dadurch: Kundenn\u00e4he, Flexibilit\u00e4t und Reaktionsschnelligkeit.<div class=\"et_pb_module dsm_image_carousel dsm_image_carousel_0 dsm_image_carousel_arrow_outside dsm_image_carousel_arrow_mobile_inside \">\n\t\t\t\t\n\t\t\t\t\n\t\t\t\t\n\t\t\t\t\n\t\t\t\t\n\t\t\t\t\n\t\t\t\t<div class=\"et_pb_module_inner\">\n\t\t\t\t\t<div class=\"swiper-container dsm_image_carousel_container  dsm_image_carousel_carousel\" dir=\"ltr\"data-effect=\"default\"\n\t\t\tdata-slider-effect-shadows=\"false\"\n\t\t\tdata-slider-effect-coverflow-rotate=\"30\"\n\t\t\tdata-slider-effect-coverflow-depth=\"0\"\n\t\t\tdata-loop=\"true\"\n\t\t\tdata-slide-to-show=\"4\"\n\t\t\tdata-slide-to-show-tablet=\"1\"\n\t\t\tdata-slide-to-show-phone=\"1\"\n\t\t\tdata-slide-to-scroll=\"1\"\n\t\t\tdata-slide-to-scroll-tablet=\"1\"\n\t\t\tdata-slide-to-scroll-phone=\"1\"\n\t\t\tdata-space-between=\"5\"\n\t\t\tdata-space-between-tablet=\"5\"\n\t\t\tdata-space-between-phone=\"5\"\n\t\t\tdata-slide-row=\"1\"\n\t\t\tdata-centered-slides=\"false\"\n\t\t\tdata-speed=\"300\"\n\t\t\tdata-autoplay=\"true\"\n\t\t\tdata-autoplay-speed=\"3000\"\n\t\t\tdata-touch-move=\"true\"\n\t\t\tdata-grab=\"true\"\n\t\t\tdata-pause-on-hover=\"false\"\n\t\t\tdata-show-lightbox=\"true\"\n\t\t\tdata-lightbox-gallery=\"false\"\n\t\t\tdata-lightbox-caption=\"false\"\n\t\t\tdata-infinite-scrolling=\"false\"\n\t\t\tdata-slide-row-tablet=\"1\"\n\t\t\tdata-slide-row-phone=\"1\"\n\t\t\tdata-autoplay-viewport=80%\n\t\t\tdata-mousewheel=\"false\"\n\t\t\tdata-lazyload=\"false\"\n\t\t\tdata-type=\"carousel\"\n\t\t\tdata-slideshow-effect=\"default\"\n\t\t\tdata-slideshow-to-show=\"4\"\n\t\t\tdata-slideshow-to-show-tablet=\"4\"\n\t\t\tdata-slideshow-to-show-phone=\"\"\n\t\t\tdata-slider-orientation=\"horizontal\"\n\t\t\t\t\t\tdata-lightbox-title=\"false\"\n\n\t\t\t><div class=\"swiper-wrapper\"><div class=\"swiper-slide dsm_image_carousel_item\"><a class=\"dsm_image_carousel_lightbox\" href=\"https:\/\/paul-lindner.de\/v3\/wp-content\/uploads\/2023\/09\/0520-0243_web-1030x686-1.jpg\" data-mfp-src=\"https:\/\/paul-lindner.de\/v3\/wp-content\/uploads\/2023\/09\/0520-0243_web-1030x686-1.jpg\"><img loading=\"lazy\" decoding=\"async\" src=\"https:\/\/paul-lindner.de\/v3\/wp-content\/uploads\/2023\/09\/0520-0243_web-1030x686-1.jpg\" alt=\"\" title=\"\" width=\"1030\" height=\"686\" data-dsm-image-description=\"\" srcset=\"https:\/\/paul-lindner.de\/v3\/wp-content\/uploads\/2023\/09\/0520-0243_web-1030x686-1.jpg 1030w, https:\/\/paul-lindner.de\/v3\/wp-content\/uploads\/2023\/09\/0520-0243_web-1030x686-1-980x653.jpg 980w, https:\/\/paul-lindner.de\/v3\/wp-content\/uploads\/2023\/09\/0520-0243_web-1030x686-1-480x320.jpg 480w\" sizes=\"(min-width: 0px) and (max-width: 480px) 480px, (min-width: 481px) and (max-width: 980px) 980px, (min-width: 981px) 1030px, 100vw\" class=\" skip-lazy\" \/><\/a><\/div><div class=\"swiper-slide dsm_image_carousel_item\"><a class=\"dsm_image_carousel_lightbox\" href=\"https:\/\/paul-lindner.de\/v3\/wp-content\/uploads\/2023\/09\/691B9916_web-1030x687-1.jpg\" data-mfp-src=\"https:\/\/paul-lindner.de\/v3\/wp-content\/uploads\/2023\/09\/691B9916_web-1030x687-1.jpg\"><img loading=\"lazy\" decoding=\"async\" src=\"https:\/\/paul-lindner.de\/v3\/wp-content\/uploads\/2023\/09\/691B9916_web-1030x687-1.jpg\" alt=\"\" title=\"\" width=\"1030\" height=\"687\" data-dsm-image-description=\"\" srcset=\"https:\/\/paul-lindner.de\/v3\/wp-content\/uploads\/2023\/09\/691B9916_web-1030x687-1.jpg 1030w, https:\/\/paul-lindner.de\/v3\/wp-content\/uploads\/2023\/09\/691B9916_web-1030x687-1-980x654.jpg 980w, https:\/\/paul-lindner.de\/v3\/wp-content\/uploads\/2023\/09\/691B9916_web-1030x687-1-480x320.jpg 480w\" sizes=\"(min-width: 0px) and (max-width: 480px) 480px, (min-width: 481px) and (max-width: 980px) 980px, (min-width: 981px) 1030px, 100vw\" class=\" skip-lazy\" \/><\/a><\/div><div class=\"swiper-slide dsm_image_carousel_item\"><a class=\"dsm_image_carousel_lightbox\" href=\"https:\/\/paul-lindner.de\/v3\/wp-content\/uploads\/2023\/09\/691B0311_web-1030x687-1.jpg\" data-mfp-src=\"https:\/\/paul-lindner.de\/v3\/wp-content\/uploads\/2023\/09\/691B0311_web-1030x687-1.jpg\"><img loading=\"lazy\" decoding=\"async\" src=\"https:\/\/paul-lindner.de\/v3\/wp-content\/uploads\/2023\/09\/691B0311_web-1030x687-1.jpg\" alt=\"\" title=\"\" width=\"1030\" height=\"687\" data-dsm-image-description=\"\" srcset=\"https:\/\/paul-lindner.de\/v3\/wp-content\/uploads\/2023\/09\/691B0311_web-1030x687-1.jpg 1030w, https:\/\/paul-lindner.de\/v3\/wp-content\/uploads\/2023\/09\/691B0311_web-1030x687-1-980x654.jpg 980w, https:\/\/paul-lindner.de\/v3\/wp-content\/uploads\/2023\/09\/691B0311_web-1030x687-1-480x320.jpg 480w\" sizes=\"(min-width: 0px) and (max-width: 480px) 480px, (min-width: 481px) and (max-width: 980px) 980px, (min-width: 981px) 1030px, 100vw\" class=\" skip-lazy\" \/><\/a><\/div><div class=\"swiper-slide dsm_image_carousel_item\"><a class=\"dsm_image_carousel_lightbox\" href=\"https:\/\/paul-lindner.de\/v3\/wp-content\/uploads\/2023\/09\/691B0189_web-1030x687-1.jpg\" data-mfp-src=\"https:\/\/paul-lindner.de\/v3\/wp-content\/uploads\/2023\/09\/691B0189_web-1030x687-1.jpg\"><img loading=\"lazy\" decoding=\"async\" src=\"https:\/\/paul-lindner.de\/v3\/wp-content\/uploads\/2023\/09\/691B0189_web-1030x687-1.jpg\" alt=\"\" title=\"\" width=\"1030\" height=\"687\" data-dsm-image-description=\"\" srcset=\"https:\/\/paul-lindner.de\/v3\/wp-content\/uploads\/2023\/09\/691B0189_web-1030x687-1.jpg 1030w, https:\/\/paul-lindner.de\/v3\/wp-content\/uploads\/2023\/09\/691B0189_web-1030x687-1-980x654.jpg 980w, https:\/\/paul-lindner.de\/v3\/wp-content\/uploads\/2023\/09\/691B0189_web-1030x687-1-480x320.jpg 480w\" sizes=\"(min-width: 0px) and (max-width: 480px) 480px, (min-width: 481px) and (max-width: 980px) 980px, (min-width: 981px) 1030px, 100vw\" class=\" skip-lazy\" \/><\/a><\/div><div class=\"swiper-slide dsm_image_carousel_item\"><a class=\"dsm_image_carousel_lightbox\" href=\"https:\/\/paul-lindner.de\/v3\/wp-content\/uploads\/2023\/09\/691B0161_web-1030x687-1.jpg\" data-mfp-src=\"https:\/\/paul-lindner.de\/v3\/wp-content\/uploads\/2023\/09\/691B0161_web-1030x687-1.jpg\"><img loading=\"lazy\" decoding=\"async\" src=\"https:\/\/paul-lindner.de\/v3\/wp-content\/uploads\/2023\/09\/691B0161_web-1030x687-1.jpg\" alt=\"\" title=\"\" width=\"1030\" height=\"687\" data-dsm-image-description=\"\" srcset=\"https:\/\/paul-lindner.de\/v3\/wp-content\/uploads\/2023\/09\/691B0161_web-1030x687-1.jpg 1030w, https:\/\/paul-lindner.de\/v3\/wp-content\/uploads\/2023\/09\/691B0161_web-1030x687-1-980x654.jpg 980w, https:\/\/paul-lindner.de\/v3\/wp-content\/uploads\/2023\/09\/691B0161_web-1030x687-1-480x320.jpg 480w\" sizes=\"(min-width: 0px) and (max-width: 480px) 480px, (min-width: 481px) and (max-width: 980px) 980px, (min-width: 981px) 1030px, 100vw\" class=\" skip-lazy\" \/><\/a><\/div><div class=\"swiper-slide dsm_image_carousel_item\"><a class=\"dsm_image_carousel_lightbox\" href=\"https:\/\/paul-lindner.de\/v3\/wp-content\/uploads\/2023\/09\/0520-0136_web-1030x686-1.jpg\" data-mfp-src=\"https:\/\/paul-lindner.de\/v3\/wp-content\/uploads\/2023\/09\/0520-0136_web-1030x686-1.jpg\"><img loading=\"lazy\" decoding=\"async\" src=\"https:\/\/paul-lindner.de\/v3\/wp-content\/uploads\/2023\/09\/0520-0136_web-1030x686-1.jpg\" alt=\"\" title=\"\" width=\"1030\" height=\"686\" data-dsm-image-description=\"\" srcset=\"https:\/\/paul-lindner.de\/v3\/wp-content\/uploads\/2023\/09\/0520-0136_web-1030x686-1.jpg 1030w, https:\/\/paul-lindner.de\/v3\/wp-content\/uploads\/2023\/09\/0520-0136_web-1030x686-1-980x653.jpg 980w, https:\/\/paul-lindner.de\/v3\/wp-content\/uploads\/2023\/09\/0520-0136_web-1030x686-1-480x320.jpg 480w\" sizes=\"(min-width: 0px) and (max-width: 480px) 480px, (min-width: 481px) and (max-width: 980px) 980px, (min-width: 981px) 1030px, 100vw\" class=\" skip-lazy\" \/><\/a><\/div><div class=\"swiper-slide dsm_image_carousel_item\"><a class=\"dsm_image_carousel_lightbox\" href=\"https:\/\/paul-lindner.de\/v3\/wp-content\/uploads\/2023\/09\/0520-0046_web-1030x686-1.jpg\" data-mfp-src=\"https:\/\/paul-lindner.de\/v3\/wp-content\/uploads\/2023\/09\/0520-0046_web-1030x686-1.jpg\"><img loading=\"lazy\" decoding=\"async\" src=\"https:\/\/paul-lindner.de\/v3\/wp-content\/uploads\/2023\/09\/0520-0046_web-1030x686-1.jpg\" alt=\"\" title=\"\" width=\"1030\" height=\"686\" data-dsm-image-description=\"\" srcset=\"https:\/\/paul-lindner.de\/v3\/wp-content\/uploads\/2023\/09\/0520-0046_web-1030x686-1.jpg 1030w, https:\/\/paul-lindner.de\/v3\/wp-content\/uploads\/2023\/09\/0520-0046_web-1030x686-1-980x653.jpg 980w, https:\/\/paul-lindner.de\/v3\/wp-content\/uploads\/2023\/09\/0520-0046_web-1030x686-1-480x320.jpg 480w\" sizes=\"(min-width: 0px) and (max-width: 480px) 480px, (min-width: 481px) and (max-width: 980px) 980px, (min-width: 981px) 1030px, 100vw\" class=\" skip-lazy\" \/><\/a><\/div><div class=\"swiper-slide dsm_image_carousel_item\"><a class=\"dsm_image_carousel_lightbox\" href=\"https:\/\/paul-lindner.de\/v3\/wp-content\/uploads\/2023\/09\/fertigung-2-1030x686-1.jpg\" data-mfp-src=\"https:\/\/paul-lindner.de\/v3\/wp-content\/uploads\/2023\/09\/fertigung-2-1030x686-1.jpg\"><img loading=\"lazy\" decoding=\"async\" src=\"https:\/\/paul-lindner.de\/v3\/wp-content\/uploads\/2023\/09\/fertigung-2-1030x686-1.jpg\" alt=\"\" title=\"\" width=\"1030\" height=\"686\" data-dsm-image-description=\"\" srcset=\"https:\/\/paul-lindner.de\/v3\/wp-content\/uploads\/2023\/09\/fertigung-2-1030x686-1.jpg 1030w, https:\/\/paul-lindner.de\/v3\/wp-content\/uploads\/2023\/09\/fertigung-2-1030x686-1-980x653.jpg 980w, https:\/\/paul-lindner.de\/v3\/wp-content\/uploads\/2023\/09\/fertigung-2-1030x686-1-480x320.jpg 480w\" sizes=\"(min-width: 0px) and (max-width: 480px) 480px, (min-width: 481px) and (max-width: 980px) 980px, (min-width: 981px) 1030px, 100vw\" class=\" skip-lazy\" \/><\/a><\/div><div class=\"swiper-slide dsm_image_carousel_item\"><a class=\"dsm_image_carousel_lightbox\" href=\"https:\/\/paul-lindner.de\/v3\/wp-content\/uploads\/2023\/09\/fertigung-1-1030x579-1.jpg\" data-mfp-src=\"https:\/\/paul-lindner.de\/v3\/wp-content\/uploads\/2023\/09\/fertigung-1-1030x579-1.jpg\"><img loading=\"lazy\" decoding=\"async\" src=\"https:\/\/paul-lindner.de\/v3\/wp-content\/uploads\/2023\/09\/fertigung-1-1030x579-1.jpg\" alt=\"\" title=\"\" width=\"1030\" height=\"579\" data-dsm-image-description=\"\" srcset=\"https:\/\/paul-lindner.de\/v3\/wp-content\/uploads\/2023\/09\/fertigung-1-1030x579-1.jpg 1030w, https:\/\/paul-lindner.de\/v3\/wp-content\/uploads\/2023\/09\/fertigung-1-1030x579-1-980x551.jpg 980w, https:\/\/paul-lindner.de\/v3\/wp-content\/uploads\/2023\/09\/fertigung-1-1030x579-1-480x270.jpg 480w\" sizes=\"(min-width: 0px) and (max-width: 480px) 480px, (min-width: 481px) and (max-width: 980px) 980px, (min-width: 981px) 1030px, 100vw\" class=\" skip-lazy\" \/><\/a><\/div><\/div><\/div><div class=\"swiper-pagination\"><\/div>\n\t\t\t\t<\/div>\n\t\t\t<\/div><\/p>\n","protected":false},"author":1,"featured_media":0,"parent":4675,"menu_order":0,"comment_status":"closed","ping_status":"closed","template":"","meta":{"_et_pb_use_builder":"on","_et_pb_old_content":"","_et_gb_content_width":"","footnotes":""},"class_list":["post-4070","page","type-page","status-publish","hentry"],"yoast_head":"<!-- This site is optimized with the Yoast SEO plugin v27.5 - https:\/\/yoast.com\/product\/yoast-seo-wordpress\/ -->\n<title>Mitarbeiter - Paul Lindner GmbH<\/title>\n<meta name=\"robots\" content=\"index, follow, max-snippet:-1, max-image-preview:large, max-video-preview:-1\" \/>\n<link rel=\"canonical\" href=\"https:\/\/paul-lindner.de\/v3\/ueber-uns\/mitarbeiter\/\" \/>\n<meta property=\"og:locale\" content=\"de_DE\" \/>\n<meta property=\"og:type\" content=\"article\" \/>\n<meta property=\"og:title\" content=\"Mitarbeiter - Paul Lindner GmbH\" \/>\n<meta property=\"og:description\" content=\"Unser Team Der Schl\u00fcssel zum Erfolg. Unser engagiertes Team steht mit ganzer Schaffenskraft hinter Ihren Aufgabenstellungen und Projekten. Hohe Kompetenz und Know-How unserer Mitarbeiter sichern einen gleichbleibenden hohen Qualit\u00e4tsstandard. Viele unserer Fachkr\u00e4fte sind langj\u00e4hrig in unserem Unternehmen t\u00e4tig, dies garantiert effiziente Arbeitsabl\u00e4ufe, Perfektion und h\u00f6chste Kundenorientierung. Durch das inhabergef\u00fchrte Unternehmen sind die Kommunikationswege kurz, die entscheidenden Vorteile f\u00fcr Sie sind dadurch: Kundenn\u00e4he, Flexibilit\u00e4t und Reaktionsschnelligkeit.\" \/>\n<meta property=\"og:url\" content=\"https:\/\/paul-lindner.de\/v3\/ueber-uns\/mitarbeiter\/\" \/>\n<meta property=\"og:site_name\" content=\"Paul Lindner GmbH\" \/>\n<meta property=\"article:modified_time\" content=\"2024-01-24T13:14:20+00:00\" \/>\n<meta name=\"twitter:card\" content=\"summary_large_image\" \/>\n<meta name=\"twitter:label1\" content=\"Gesch\u00e4tzte Lesezeit\" \/>\n\t<meta name=\"twitter:data1\" content=\"3\u00a0Minuten\" \/>\n<script type=\"application\/ld+json\" class=\"yoast-schema-graph\">{\"@context\":\"https:\\\/\\\/schema.org\",\"@graph\":[{\"@type\":\"WebPage\",\"@id\":\"https:\\\/\\\/paul-lindner.de\\\/v3\\\/ueber-uns\\\/mitarbeiter\\\/\",\"url\":\"https:\\\/\\\/paul-lindner.de\\\/v3\\\/ueber-uns\\\/mitarbeiter\\\/\",\"name\":\"Mitarbeiter - Paul Lindner GmbH\",\"isPartOf\":{\"@id\":\"https:\\\/\\\/paul-lindner.de\\\/v3\\\/#website\"},\"datePublished\":\"2023-09-15T08:18:07+00:00\",\"dateModified\":\"2024-01-24T13:14:20+00:00\",\"breadcrumb\":{\"@id\":\"https:\\\/\\\/paul-lindner.de\\\/v3\\\/ueber-uns\\\/mitarbeiter\\\/#breadcrumb\"},\"inLanguage\":\"de\",\"potentialAction\":[{\"@type\":\"ReadAction\",\"target\":[\"https:\\\/\\\/paul-lindner.de\\\/v3\\\/ueber-uns\\\/mitarbeiter\\\/\"]}]},{\"@type\":\"BreadcrumbList\",\"@id\":\"https:\\\/\\\/paul-lindner.de\\\/v3\\\/ueber-uns\\\/mitarbeiter\\\/#breadcrumb\",\"itemListElement\":[{\"@type\":\"ListItem\",\"position\":1,\"name\":\"Startseite\",\"item\":\"https:\\\/\\\/paul-lindner.de\\\/v3\\\/\"},{\"@type\":\"ListItem\",\"position\":2,\"name\":\"\u00dcber uns\",\"item\":\"https:\\\/\\\/paul-lindner.de\\\/v3\\\/ueber-uns\\\/\"},{\"@type\":\"ListItem\",\"position\":3,\"name\":\"Mitarbeiter\"}]},{\"@type\":\"WebSite\",\"@id\":\"https:\\\/\\\/paul-lindner.de\\\/v3\\\/#website\",\"url\":\"https:\\\/\\\/paul-lindner.de\\\/v3\\\/\",\"name\":\"Paul Lindner GmbH\",\"description\":\"Verpackungen\",\"potentialAction\":[{\"@type\":\"SearchAction\",\"target\":{\"@type\":\"EntryPoint\",\"urlTemplate\":\"https:\\\/\\\/paul-lindner.de\\\/v3\\\/?s={search_term_string}\"},\"query-input\":{\"@type\":\"PropertyValueSpecification\",\"valueRequired\":true,\"valueName\":\"search_term_string\"}}],\"inLanguage\":\"de\"}]}<\/script>\n<!-- \/ Yoast SEO plugin. -->","yoast_head_json":{"title":"Mitarbeiter - Paul Lindner GmbH","robots":{"index":"index","follow":"follow","max-snippet":"max-snippet:-1","max-image-preview":"max-image-preview:large","max-video-preview":"max-video-preview:-1"},"canonical":"https:\/\/paul-lindner.de\/v3\/ueber-uns\/mitarbeiter\/","og_locale":"de_DE","og_type":"article","og_title":"Mitarbeiter - Paul Lindner GmbH","og_description":"Unser Team Der Schl\u00fcssel zum Erfolg. Unser engagiertes Team steht mit ganzer Schaffenskraft hinter Ihren Aufgabenstellungen und Projekten. Hohe Kompetenz und Know-How unserer Mitarbeiter sichern einen gleichbleibenden hohen Qualit\u00e4tsstandard. Viele unserer Fachkr\u00e4fte sind langj\u00e4hrig in unserem Unternehmen t\u00e4tig, dies garantiert effiziente Arbeitsabl\u00e4ufe, Perfektion und h\u00f6chste Kundenorientierung. Durch das inhabergef\u00fchrte Unternehmen sind die Kommunikationswege kurz, die entscheidenden Vorteile f\u00fcr Sie sind dadurch: Kundenn\u00e4he, Flexibilit\u00e4t und Reaktionsschnelligkeit.","og_url":"https:\/\/paul-lindner.de\/v3\/ueber-uns\/mitarbeiter\/","og_site_name":"Paul Lindner GmbH","article_modified_time":"2024-01-24T13:14:20+00:00","twitter_card":"summary_large_image","twitter_misc":{"Gesch\u00e4tzte Lesezeit":"3\u00a0Minuten"},"schema":{"@context":"https:\/\/schema.org","@graph":[{"@type":"WebPage","@id":"https:\/\/paul-lindner.de\/v3\/ueber-uns\/mitarbeiter\/","url":"https:\/\/paul-lindner.de\/v3\/ueber-uns\/mitarbeiter\/","name":"Mitarbeiter - Paul Lindner GmbH","isPartOf":{"@id":"https:\/\/paul-lindner.de\/v3\/#website"},"datePublished":"2023-09-15T08:18:07+00:00","dateModified":"2024-01-24T13:14:20+00:00","breadcrumb":{"@id":"https:\/\/paul-lindner.de\/v3\/ueber-uns\/mitarbeiter\/#breadcrumb"},"inLanguage":"de","potentialAction":[{"@type":"ReadAction","target":["https:\/\/paul-lindner.de\/v3\/ueber-uns\/mitarbeiter\/"]}]},{"@type":"BreadcrumbList","@id":"https:\/\/paul-lindner.de\/v3\/ueber-uns\/mitarbeiter\/#breadcrumb","itemListElement":[{"@type":"ListItem","position":1,"name":"Startseite","item":"https:\/\/paul-lindner.de\/v3\/"},{"@type":"ListItem","position":2,"name":"\u00dcber uns","item":"https:\/\/paul-lindner.de\/v3\/ueber-uns\/"},{"@type":"ListItem","position":3,"name":"Mitarbeiter"}]},{"@type":"WebSite","@id":"https:\/\/paul-lindner.de\/v3\/#website","url":"https:\/\/paul-lindner.de\/v3\/","name":"Paul Lindner GmbH","description":"Verpackungen","potentialAction":[{"@type":"SearchAction","target":{"@type":"EntryPoint","urlTemplate":"https:\/\/paul-lindner.de\/v3\/?s={search_term_string}"},"query-input":{"@type":"PropertyValueSpecification","valueRequired":true,"valueName":"search_term_string"}}],"inLanguage":"de"}]}},"_links":{"self":[{"href":"https:\/\/paul-lindner.de\/v3\/wp-json\/wp\/v2\/pages\/4070","targetHints":{"allow":["GET"]}}],"collection":[{"href":"https:\/\/paul-lindner.de\/v3\/wp-json\/wp\/v2\/pages"}],"about":[{"href":"https:\/\/paul-lindner.de\/v3\/wp-json\/wp\/v2\/types\/page"}],"author":[{"embeddable":true,"href":"https:\/\/paul-lindner.de\/v3\/wp-json\/wp\/v2\/users\/1"}],"replies":[{"embeddable":true,"href":"https:\/\/paul-lindner.de\/v3\/wp-json\/wp\/v2\/comments?post=4070"}],"version-history":[{"count":8,"href":"https:\/\/paul-lindner.de\/v3\/wp-json\/wp\/v2\/pages\/4070\/revisions"}],"predecessor-version":[{"id":4735,"href":"https:\/\/paul-lindner.de\/v3\/wp-json\/wp\/v2\/pages\/4070\/revisions\/4735"}],"up":[{"embeddable":true,"href":"https:\/\/paul-lindner.de\/v3\/wp-json\/wp\/v2\/pages\/4675"}],"wp:attachment":[{"href":"https:\/\/paul-lindner.de\/v3\/wp-json\/wp\/v2\/media?parent=4070"}],"curies":[{"name":"wp","href":"https:\/\/api.w.org\/{rel}","templated":true}]}}